eatest common factor of l and 25.
25
Let o be 2/(-11) + (-1512)/33. Let l = 58 + o. Calculate the highest common divisor of l and 108.
12
Let m be 26/6 - 1/3. Let r(n) = 2*n**2 - 9*n - 10. Let b be r(-2). Calculate the highest common factor of m and b.
4
Let d = -21 + 45. Let b be 3 + 9423/36 + (-12)/16. Calculate the highest common factor of d and b.
24
Let k be (-2)/(-6)*(3 + -5)*-9. Suppose 2*c - k = 30. Let g = 592 - 394. Calculate the highest common factor of g and c.
18
Suppose -2*n - 2*n = -36. Suppose 3*m = k - 87, -50*m + 51*m = -2*k + 139. What is the highest common factor of k and n?
9
Let a be (-9)/(94/(-88) + 1). Suppose -421 + 176 - 415 = -60*g. Calculate the highest common factor of g and a.
11
Let a(k) = 11*k**2 + 6*k + 7. Let m be a(-1). Suppose 0 = -5*r + 5*t + 45, 2*r - 6*t - m = -t. Calculate the greatest common divisor of 11 and r.
11
Let s be 2547/8 - (-6)/(-64)*4. What is the greatest common factor of s and 6?
6
Suppose -2*x + 4 = -0. Suppose -21 = x*n - 17. Let j be (-2)/(-4) + n/(-4). Calculate the highest common factor of j and 5.
1
Let z = -37 + 89. Calculate the greatest common divisor of 65 and z.
13
Let a(g) = g**2 - g - 4. Let q be a(4). Let m be 1*6 - (11 + -11). Let i(v) = -v**3 + 6*v**2 + 1. Let x be i(m). What is the greatest common factor of x and q?
1
Suppose 9*l + 3 = 8*l. Let k be 204/(l/(-1)) + 3 + -1. Calculate the highest common divisor of k and 10.
10
Let w = 148 - 142. Let q(r) = -3*r - 3. Let n be q(-4). Calculate the highest common divisor of n and w.
3
Suppose -2*d = 6, 3*n - 2*n + 3*d - 508 = 0. What is the highest common factor of 94 and n?
47
Let i(x) = x**2 + 29*x + 3. Let p be i(3). What is the highest common factor of p and 72?
9
Let j be (-4490)/(-45) + ((-24)/27)/(-4). Suppose -4*w = 7*n - 2*n - 41, w - 24 = -4*n. What is the greatest common divisor of n and j?
5
Suppose -o + 15 = -0*o. Let p(c) = 6*c**2 - 6*c. Let x be p(5). What is the greatest common divisor of o and x?
15
Let y(v) = v**3 - 5*v**2 - v + 6. Let i be y(5). Let a be i*(-8)/(24/135). Let f = 3 - a. Calculate the greatest common divisor of 16 and f.
16
Let i be 7/(7/(-24))*(-40)/16. What is the highest common divisor of i and 90?
30
Let p = -89 - -133. Let b be (22/7)/(-5 - 180/(-35)). Calculate the highest common divisor of b and p.
22
Suppose -2*o = 32 + 90. Let v = -22 - o. Calculate the highest common divisor of v and 429.
39
Suppose 4*b = -4*s + 2*b + 14, 16 = s - 2*b. Let y be (-24)/(-2)*(3 - 1). Calculate the greatest common factor of y and s.
6
Suppose 5*r - 390 = h, 110 = -3*r - 3*h + 326. Suppose -80*k = -r*k - 120. Calculate the highest common divisor of k and 8.
8
Suppose 29*g - 2023 = 1979. What is the highest common divisor of g and 184?
46
Let f be ((-15)/2 + -3)*(-16)/(-6). Let m = 6 - f. What is the highest common divisor of m and 238?
34
Suppose -4*l - 2 = 4*h + 2, -7 = l - h. Let o be 1 + (82 - l/(-2)). Let v = 4573 + -4564. Calculate the highest common factor of v and o.
9
Let z(d) = 6*d - 52. Let o be z(13). Suppose 2*u = -o + 30. What is the greatest common factor of 22 and u?
2
Let h be (-5 - -13)*(-13 + 355). What is the greatest common factor of 72 and h?
72
Suppose 3*j - u + 23 - 94 = 0, 105 = 5*j + u. Calculate the highest common divisor of j and 792.
22
Let x(t) = -45*t - 72. Let l be x(-8). What is the highest common factor of l and 16?
16
Let n(m) = -m**3 + 7*m**2 - 4*m + 11. Let l be n(8). Let v = l - -211. What is the highest common factor of v and 18?
18
Suppose -y - 2*s + 444 = 0, 12 = -2*s + 6. Calculate the greatest common divisor of y and 18.
18
Let n = -23 - -31. Let t be (-6)/n*(5 - 1). Let k be t - ((2 - -1) + -51). Calculate the highest common factor of k and 5.
5
Suppose 540*b - 547*b = -567. What is the greatest common divisor of 72 and b?
9
Let n(h) = -17*h - 2. Let k be n(-1). Let y(j) = -j**3 + 4*j + 4. Let b be y(-3). Let o = b - 13. Calculate the highest common factor of o and k.
3
Suppose 0 = -4*s - 7*s. Suppose s = -3*d - 4*u + 16, u = 3*d + 3*u - 20. What is the highest common factor of d and 72?
8
Suppose 3*a + 249 + 125 = 5*u, a = 2*u - 150. Let g(d) = 5*d**2 - 33*d - 4. Let l be g(8). Let p = u - l. Calculate the greatest common divisor of 16 and p.
8
Suppose -93 = -3*z - 3*t, 6*t = z + t - 43. Suppose -19*x - 4*g = -21*x + 60, x + 5*g = 2. Calculate the greatest common factor of x and z.
11
Let w = 123 - 97. What is the greatest common factor of 104 and w?
26
Let q(u) = 2*u - 5. Let z = 2 + 2. Let v be q(z). Suppose 4*m = -2*x + 6, x = -v*x - 2*m + 18. Calculate the greatest common divisor of x and 5.
5
Let x(q) = q**2 + q - 1. Let z be x(1). Let v be 14*1 - (0 + z). Suppose -2*o + v = 4*p - 3*p, 3*o = 2*p - 40. What is the highest common divisor of 187 and p?
17
Suppose 5*w = -3*a + 24, -4*w = 2*a - 6*a + 32. Suppose 37 = 5*h - a. Calculate the greatest common factor of 9 and h.
9
Let r = -30 - -10. Let j be (-8)/r + (-52)/(-20). Suppose 18 = s + j*o, 6*s = 4*s + 3*o. Calculate the greatest common divisor of s and 54.
6
Let p(n) = n**2 - 34*n - 167. Let w be p(41). What is the greatest common factor of 72 and w?
24
Let i(g) = -4*g**3 - g**2 - 3*g - 7. Let k be i(-2). What is the greatest common factor of 243 and k?
27
Suppose 2*b + 12 = 2*f, 10 = 2*f - 2*b + b. Let t(r) = -r**2 + 4*r + 1. Let u be t(f). Calculate the highest common divisor of 5 and u.
1
Let c(b) = 16*b**3 - b**2 - b + 1. Let i be c(1). Let g be (45/4)/(i/40). Suppose -5*s = -2*s - g. What is the greatest common divisor of s and 30?
10
Let t(k) = 15*k**2 + 4*k + 3. Let l be t(4). Let r be (135/(-12) + 2)/(163/(-652)). Calculate the greatest common factor of l and r.
37
Let v = 1398 - 348. What is the greatest common factor of v and 42?
42
Let d = -8 + 3. Let r(q) = -q - 3. Let t be r(d). Let w = -1 + t. What is the highest common divisor of 7 and w?
1
Let j = -36 + 169. What is the greatest common divisor of j and 38?
19
Suppose -4*c - 60 = -172. What is the greatest common divisor of 266 and c?
14
Let y = 72 + -45. Let b be 10/((1/6)/(y/36)). Calculate the highest common factor of 15 and b.
15
Suppose -3*s = -3*n - 135, 5*s - 226 = 3*n + n. Suppose 6*y - 58 = y - 2*i, 0 = -5*y + i + s. What is the greatest common factor of 30 and y?
10
Let j(t) = -t**3 + 7*t**2 + 8*t + 1. Let m be j(8). Suppose 0 = -11*h + 64 - 31. What is the highest common factor of m and h?
1
Let a(v) = -12*v + 1. Let p be a(-1). Let n = -1 + 0. Let u be (58/(-6) - n)/(26/(-429)). What is the highest common divisor of u and p?
13
Let x(p) = p**2 - p - 2. Let n be x(-2). Let c(v) = 15*v**2 + 4*v - 3. Let u be c(n). Calculate the greatest common factor of 23 and u.
23
Let c = 1071 - 1029. Calculate the highest common factor of 854 and c.
14
Let v(q) = q**2 - 4*q - 3. Let k be v(8). Suppose 3*a - 3*l - 52 = 62, 4*l - 100 = -2*a. Let g = a - k. What is the highest common divisor of g and 143?
13
Let j be (568 - 0) + (-20)/5. What is the greatest common divisor of 24 and j?
12
Let t = -646 + 975. Suppose -3*s = 2*x + 3*x - 327, -5*x - s = -t. Suppose -7*l + 30 = -2*l. What is the highest common divisor of l and x?
6
Let f be (-6)/(-9) + (-260)/(-6). Suppose 0 = -3*x - 3*z + 330, x + 2*z = 5*z + 110. What is the greatest common factor of x and f?
22
Let a(c) = c**2 - 5*c - 11. Let r(s) = 0 + 2 - s - 3 - 1. Let l be r(-10). Let f be a(l). What is the highest common factor of 26 and f?
13
Let z = -29 - -33. Suppose -z*n = -9*n + 175. What is the highest common factor of 5 and n?
5
Let v(p) = -84*p**3 + 1. Let t be v(-1). Let x be -68*(-1 + 1 + -1). Let l = -34 + x. Calculate the greatest common factor of l and t.
17
Let q = -93 + 93. Suppose q = 11*t - 9*t - 64. Let y be (-6)/(3/(-2) - 0). Calculate the greatest common divisor of t and y.
4
Suppose t = 8 - 3. Suppose v - 4*x + 600 = -3*v, 2*x = t*v + 762. Let j = -99 - v. What is the highest common divisor of j and 11?
11
Let t be (66 + -69)*(-14)/6. Calculate the highest common divisor of 18 and t.
1
Let k = 31 + -19. Let c be 88/14 - k/42. Let l be (-34)/(-51) + 104/c. Calculate the highest common divisor of 27 and l.
9
Let f(k) = 11*k**2 - 6*k - 5. Let v be f(-4). Let r be (-270)/(-7) - 54/(-126). What is the highest common factor of r and v?
39
Let l be (-56)/(-10)*(10 - 0). Let d =